{"id":112,"date":"2014-07-01T16:34:33","date_gmt":"2014-07-01T14:34:33","guid":{"rendered":"http:\/\/localhost\/wordpress_aix\/?page_id=112"},"modified":"2024-11-27T11:05:15","modified_gmt":"2024-11-27T09:05:15","slug":"reformerentwicklung-fertigung","status":"publish","type":"page","link":"https:\/\/aixcellsys.de\/?page_id=112","title":{"rendered":"Reformerentwicklung &#038; Fertigung"},"content":{"rendered":"<p>Der Bereich\u00a0Reformierung\u00a0besch\u00e4ftigt sich mit\u00a0der Auswahl und\u00a0Beratung von\u00a0Kunden \u00fcber ein geeignetes Reformierungsverfahren f\u00fcr die spezifische Anwendung\u00a0sowie der darauf aufbauenden\u00a0Entwicklung und Fertigung des Reformers. Wir bieten neben der Entwicklung und\u00a0Fertigung auch die M\u00f6glichkeit Gemischbildungsvorg\u00e4nge zu simulieren und erzeugte Reformatgasqualit\u00e4ten zu bewerten.<\/p>\n<p><strong>Auswahl und Beratung eines Reformierungsverfahrens:<\/strong><\/p>\n<p>Dampfreformierung (DR):<\/p>\n<ul>\n<li>Umsatz mit H<sub>2<\/sub>O<\/li>\n<li>endotherm<\/li>\n<li>katalysiert<\/li>\n<li>Schwefeltoleranz kritisch<\/li>\n<\/ul>\n<p>Autotherme Reformierung (ATR):<\/p>\n<ul>\n<li>Umsatz mit Luft und\u00a0H<sub>2<\/sub>O<\/li>\n<li>Kombination aus DR und POX<\/li>\n<li>autotherm<\/li>\n<li>katalysiert<\/li>\n<\/ul>\n<p>Partielle Oxidation (POX):<\/p>\n<ul>\n<li>Umsatz mit Luft \/ O<sub>2 <\/sub>unterst\u00f6chiometrisch<\/li>\n<li>exotherm<\/li>\n<li>katalysiert \/ nicht katalysiert<\/li>\n<li>vergleichsweise hohe Schwefeltoleranz<\/li>\n<\/ul>\n<p><strong>Str\u00f6mungssimulation bei der\u00a0Gemischbildung:<\/strong><\/p>\n<p><a href=\"https:\/\/aixcellsys.de\/wp-content\/uploads\/2014\/07\/Bild3-sim-Gemisch.jpg\"><img loading=\"lazy\" decoding=\"async\" class=\"  alignleft wp-image-113\" src=\"http:\/\/wr64dc4ak.homepage.t-online.de\/wordpress\/wp-content\/uploads\/2014\/07\/Bild3-sim-Gemisch.jpg\" alt=\"Bild3 sim Gemisch\" width=\"519\" height=\"389\" srcset=\"https:\/\/aixcellsys.de\/wp-content\/uploads\/2014\/07\/Bild3-sim-Gemisch.jpg 960w, https:\/\/aixcellsys.de\/wp-content\/uploads\/2014\/07\/Bild3-sim-Gemisch-300x225.jpg 300w\" sizes=\"auto, (max-width: 519px) 100vw, 519px\" \/><\/a><\/p>\n<p><strong>Messung und Bewertung der Reformatqualit\u00e4t <\/strong><strong>verschiedener Brennstoffe:<\/strong><\/p>\n<p>Brennstoffe:<\/p>\n<ul>\n<li>Diesel<\/li>\n<li>biogene Kraftstoffe<\/li>\n<li>Methanol<\/li>\n<li>Ethanol<\/li>\n<li>Erdgas<\/li>\n<li>Campinggas<\/li>\n<\/ul>\n","protected":false},"excerpt":{"rendered":"<p>Der Bereich\u00a0Reformierung\u00a0besch\u00e4ftigt sich mit\u00a0der Auswahl und\u00a0Beratung von\u00a0Kunden \u00fcber ein geeignetes Reformierungsverfahren f\u00fcr die spezifische Anwendung\u00a0sowie der darauf aufbauenden\u00a0Entwicklung und Fertigung des Reformers. Wir bieten neben der Entwicklung und\u00a0Fertigung auch die M\u00f6glichkeit Gemischbildungsvorg\u00e4nge zu simulieren und erzeugte Reformatgasqualit\u00e4ten zu bewerten. Auswahl und Beratung eines Reformierungsverfahrens: Dampfreformierung (DR): Umsatz mit H2O endotherm katalysiert Schwefeltoleranz kritisch Autotherme Reformierung [&hellip;]<\/p>\n","protected":false},"author":1,"featured_media":0,"parent":0,"menu_order":0,"comment_status":"closed","ping_status":"closed","template":"","meta":{"footnotes":""},"class_list":["post-112","page","type-page","status-publish","hentry"],"_links":{"self":[{"href":"https:\/\/aixcellsys.de\/index.php?rest_route=\/wp\/v2\/pages\/112","targetHints":{"allow":["GET"]}}],"collection":[{"href":"https:\/\/aixcellsys.de\/index.php?rest_route=\/wp\/v2\/pages"}],"about":[{"href":"https:\/\/aixcellsys.de\/index.php?rest_route=\/wp\/v2\/types\/page"}],"author":[{"embeddable":true,"href":"https:\/\/aixcellsys.de\/index.php?rest_route=\/wp\/v2\/users\/1"}],"replies":[{"embeddable":true,"href":"https:\/\/aixcellsys.de\/index.php?rest_route=%2Fwp%2Fv2%2Fcomments&post=112"}],"version-history":[{"count":3,"href":"https:\/\/aixcellsys.de\/index.php?rest_route=\/wp\/v2\/pages\/112\/revisions"}],"predecessor-version":[{"id":306,"href":"https:\/\/aixcellsys.de\/index.php?rest_route=\/wp\/v2\/pages\/112\/revisions\/306"}],"wp:attachment":[{"href":"https:\/\/aixcellsys.de\/index.php?rest_route=%2Fwp%2Fv2%2Fmedia&parent=112"}],"curies":[{"name":"wp","href":"https:\/\/api.w.org\/{rel}","templated":true}]}}